 = -1847 + 2132. Calculate the remainder when c is divided by 34.
13
Let j = 40 - 2. Let l(z) = -15*z - 2. Let m(g) = -g**2 + 10*g - 10. Let b be m(9). What is the remainder when j is divided by l(b)?
12
Suppose 18*g = 23*g - 10. Calculate the remainder when 43 is divided by g/7 + 159/7.
20
Let h = 1345 - 1226. What is the remainder when h is divided by 75?
44
Suppose -45 = 2*r - 203. What is the remainder when r is divided by 10?
9
Suppose -3*h = 12, 5*b - 3*h + 8*h - 655 = 0. What is the remainder when b is divided by 46?
43
Let r = 209 + 30. Calculate the remainder when r is divided by 22.
19
Let c(k) = k**2 + 5*k - 18. Let m(i) = -3*i**2 - 12*i - 10. Let b be m(-4). Calculate the remainder when c(b) is divided by 11.
10
Suppose 3*p = -3*w + 68 + 19, 81 = 3*w + 5*p. Calculate the remainder when 145 is divided by w.
17
What is the remainder when (-10 + 12)*146/4 is divided by 30?
13
Let x(z) = 72*z - 65. What is the remainder when 341 is divided by x(1)?
5
Let l be 3 + (-49)/14 - (-2)/4. Suppose l = c - 2 - 9. Calculate the remainder when c is divided by 7.
4
Let i = -130 + 195. Calculate the remainder when i is divided by 38.
27
Let r = 48 + -32. Calculate the remainder when (r/40)/(2/190) is divided by 13.
12
Let j = -7381 + 7390. Suppose -i + 83 = 2*k, 3*i - 7*k = -2*k + 227. What is the remainder when i is divided by j?
7
What is the remainder when 9 is divided by (-1)/(4*1/8) + 5?
0
Let n(a) = a**2 - 3. Let s be n(-3). Let u(i) = -10 + 18 - 11 + 6*i**2 + 4*i - i**3. What is the remainder when 60 is divided by u(s)?
18
Let t(y) = -2*y**3 + 16*y**2 + 21*y + 11. Calculate the remainder when 74 is divided by t(9).
36
Let d = -8 - -16. Suppose -5*g + 0*h - 4*h + 86 = 0, 3*h + 2 = g. Let p(t) = 2*t - 6. What is the remainder when p(g) is divided by d?
6
Suppose 0*r = -2*r + 8. Suppose r*k = -5*j + 204, -j = -3*k + j + 153. Calculate the remainder when k is divided by 14.
9
Calculate the remainder when 310 is divided by 52 + (0 - (11 + -4)).
40
Let h be (-4 + -6)*2/10*-2. Suppose a = -h*i - 0*i + 29, 2*a = 4*i - 2. What is the remainder when 51 is divided by a?
6
Suppose 0 = -5*x + 3*x + o + 85, -x = 2*o - 50. Calculate the remainder when 2750/16 + (-14)/(-112) is divided by x.
40
Let y = 0 + 10. Let a = -150 + 85. What is the remainder when y is divided by (-2)/6 - a/15?
2
Let b be 3 + 2/3*6/(-4). Suppose b*n + 284 = 6*n. Calculate the remainder when n is divided by 24.
23
Let v(a) = -a**3 + 8*a**2 + 14*a - 22. What is the remainder when v(9) is divided by 17?
6
Let h(d) = 4*d + 128. Suppose -4*c - 12 = -2*y, -c = -4*y + 1 + 9. Let g = 3 + y. Calculate the remainder when h(-30) is divided by g.
3
Let w = -18 - -9. Let h(q) be the third derivative of -q**4/12 - q**3/2 - 16*q**2. What is the remainder when 43 is divided by h(w)?
13
Let g(p) = p**2 + 2*p + 17. Let w be (0/(-9))/(-1 + 4). Let v be g(w). Calculate the remainder when 0 + v + (7 - 7) is divided by 9.
8
Let v = -167 - -271. Calculate the remainder when v is divided by (-2530)/(-70) + (-1)/7.
32
Let j be (4/(-5))/((-2)/5). Suppose 3*s + j*s + 83 = 3*w, 5*w - 101 = -s. Let n = -207 + 289. What is the remainder when n is divided by w?
19
What is the remainder when 47 + ((-16)/(-14))/((-2)/(-7)) is divided by 21?
9
Let y(k) = -k**2 + 13*k - 8. Let u be y(10). Let s = u + -17. Suppose 3*t - 30 = 3*d - 0*d, s*t + 3*d = 58. Calculate the remainder when t is divided by 4.
3
What is the remainder when (3/9)/((-11)/33)*-50 is divided by 48?
2
Suppose 5*q + i - 31 = 0, -3*i - 29 = -5*q - 2*i. Let w be q/4*28/42. Let k = w + 5. What is the remainder when 21 is divided by k?
3
Let h = 278 + -273. What is the remainder when 148 is divided by h?
3
Let k(x) = x**2 + 2*x - 19. Let t = -26 - -35. What is the remainder when k(t) is divided by 27?
26
Let f = 17 + 1. Suppose 0 = -3*k + 2*k - 3*s + 12, 5*k - 2*s = 9. Suppose k*o - 16 = 14. What is the remainder when f is divided by o?
8
Let m be 31*((-18)/(-14) + 8/(-28)). Suppose -34*l + 81 = -m*l. What is the remainder when 104 is divided by l?
23
Let h = 1435 + -1397. Calculate the remainder when 210 is divided by h.
20
Let s = -289 - -326. What is the remainder when 924 is divided by s?
36
Let g(t) = 11*t + 124. Calculate the remainder when 480 is divided by g(-5).
66
Let p = -1562 - -1858. Calculate the remainder when p is divided by 27.
26
Suppose 0 = 6*k - k - 120. Suppose -2*s + 8 = -2*z, 6 = -2*s + 6*s + z. Suppose s*g = 12 + 80. What is the remainder when g is divided by k?
22
Let w(m) = -6*m - 6*m**2 + 29*m**2 - m**3 + 6 + 6*m - 42*m. What is the remainder when 39 is divided by w(21)?
3
Let q(a) = a**3 - 7*a**2 - 2*a - 5. Calculate the remainder when q(9) is divided by 18.
13
Let v(z) = -26*z - 174. What is the remainder when 233 is divided by v(-9)?
53
Let w(g) = -g**3 - 8*g**2 - 8*g - 8. Let n be w(-7). Suppose -19*v + 24*v = -15. What is the remainder when 33 is divided by 9 - n - (-2 - v)?
6
Let m(o) = -o**3 - 14*o**2 - 23*o + 21. What is the remainder when 30 is divided by m(-12)?
3
Suppose 53 = 4*z - 391. Calculate the remainder when z is divided by (1*-7)/((-66)/132).
13
Suppose 0 = 3*o + 5*i - 34, 5*o - 12*i + 8*i - 106 = 0. Calculate the remainder when 84 is divided by o.
12
Let l(a) = -a**3 + 25*a**2 - a + 65. Suppose p + 15 = 2*p. Calculate the remainder when l(25) is divided by p.
10
Let z be (21/(-12))/(3/12). Let r(q) = -q**3 - 7*q**2 - 10*q - 5. Let l(v) = -1. Let t(a) = -3*l(a) + r(a). Calculate the remainder when t(z) is divided by 14.
12
Let r = -45 - -46. Suppose -u + 3 = 2*u. Calculate the remainder when u is divided by (r/5)/(-3 + (-64)/(-20)).
0
Let s(h) = h**2 + 11*h + 15. Let c(d) = d**2 + 9*d + 4. Let u be c(-7). Let n be s(u). Let z = n - 3. Calculate the remainder when 2 is divided by z.
0
Suppose 4*j + 8 + 0 = -5*t, -5*t - 20 = 0. What is the remainder when (3 - 16/6) + 476/j is divided by 32?
31
Let d = -51 - -82. Suppose 4*x - 29 = -m, x = 2*m + d - 116. Calculate the remainder when m is divided by 7.
6
What is the remainder when 776 is divided by 2/(-26) - 12314/(-1222)?
6
Let r = -36 + 64. Let c(s) = 5 + 2*s**3 + 2*s - 2 - 4 - 2*s**2 + 6. What is the remainder when c(4) is divided by r?
25
What is the remainder when (-3081)/(-52) + (-3)/12 is divided by 20?
19
Suppose -307*w + 350 = -297*w. Calculate the remainder when 123 is divided by w.
18
What is the remainder when (24*(-10)/(-160))/(6/604) is divided by 8?
7
Let r(q) = -6*q + 53. Calculate the remainder when 22 is divided by r(7).
0
Let w = 283 - 130. Calculate the remainder when w is divided by 11.
10
Suppose -198 = -2*x - 4*w, -3*x - 176 + 493 = w. What is the remainder when x is divided by 3?
2
Let q(o) = -o**2 - 9*o - 6. Let j be q(-8). Suppose 46 = 2*f + j*a, -29 = -f + 2*a - 0*a. Calculate the remainder when 73 is divided by f.
23
Suppose j - p = 64, 2*j - 645*p = -640*p + 149. Suppose -9 = -i - y + 9, -3*i + 51 = 2*y. Calculate the remainder when j is divided by i.
12
Suppose -b - 3*h = 14, 5*b + 3*h = h - 5. What is the remainder when (-1638)/(-12)*(-6)/(-9)*b is divided by (-4)/6*186/(-4)?
29
Let v = -30 - -47. Let q(a) = a**2 + 8*a - 10. What is the remainder when v is divided by q(-10)?
7
Calculate the remainder when (-324)/270*(-370)/6 is divided by 19.
17
Suppose 21 + 21 = m - 5*n, 2*m - 99 = 5*n. Calculate the remainder when m is divided by 12.
9
Suppose 4*p - 25 = -i + 43, -3*i + 2*p = -204. What is the remainder when 206 is divided by i?
2
Let x(w) = 8*w**2 + 8*w - 17. Calculate the remainder when 89 is divided by x(2).
27
Calculate the remainder when 8 - (-6)/(-3) - (31 - 123) is divided by 15.
8
Let g = -261 - -266. Let n be (54 - 1)/(3 + -2). Suppose -5*h = 2*t - 263 + 52, 0 = -h + g*t + n. What is the remainder when h is divided by 11?
10
Calculate the remainder when ((-2236)/26)/(0 - 2) is divided by 7.
1
Suppose j = -j. Suppose -9*h + 13*h - 348 = j. What is the remainder when h is divided by 22?
21
Let k be -1 - (0 - (2 + 0)). Suppose v + 3*c = c - k, 0 = 2*v - 3*c - 12. Let w(n) = 5*n - 6. What is the remainder when 14 is divided by w(v)?
5
Let d = 72 - 68. Suppose -3*w + 16 + 29 = 0. Calculate the remainder when w is divided by d.
3
Let p(n) = -n**3 - 10*n**2 - 5*n - 4. Let i be p(-9). Let y = 43 + i. What is the remainder when 